 Let c(g) = -g**3 + 7*g**2 + 7*g + 1. What is c(f)?
-7
Let k be (-336)/(-64) + (-2)/8. Let s(c) = c + 2. Let n(j) = 5*j + 5. Let d(b) = n(b) - 4*s(b). What is d(k)?
2
Let j = -273 + 270. Let b(v) = -2*v**2 - v. Determine b(j).
-15
Let t(x) = x**2 - 6*x - 2. Let i(h) = 1. Let z(b) = -5*i(b) - t(b). Determine z(8).
-19
Suppose 0 = -51*j + 55*j - 4. Let d(r) = -7*r**3 - 7*r**2 + 7*r. Let t(k) = -k**2 + k. Let g(z) = j*d(z) - 6*t(z). What is g(1)?
-7
Let m(b) = -2*b**3 + 3*b**3 - 1 - 13*b + 13*b. Determine m(0).
-1
Let a(t) = t - 1. Let d be a(-4). Let r(p) = 2*p. Let x(q) = 3*q - 6. Let i(v) = r(v) - x(v). Calculate i(d).
11
Let k(l) = -7*l**2 + 5*l + 2. Let p(g) = -20*g**2 - 48*g + 32*g + 7 + 30*g. Let v(m) = -17*k(m) + 6*p(m). Determine v(0).
8
Let r = -4 - -4. Suppose 2*b - 1 - 5 = 0. Let z(q) = -b*q + 5*q - q + r*q + 6. Determine z(-5).
1
Let p(z) = -7*z**3 + z**2. Let y = 0 + 4. Suppose -4*c - 2*a + y = 0, 2*c - 3*a - 2 = 2*a. What is p(c)?
-6
Let y(t) = 21*t**2 - 35*t**2 - 9*t - 6 + 15*t**2. Calculate y(10).
4
Let u(f) = -9*f - 1089*f**2 - 1092*f**2 + 2182*f**2 - 4. Calculate u(9).
-4
Let h(x) be the first derivative of -x**2/2 + 2*x - 230. Suppose -2*d - d = 2*n + 15, -3*d = 4*n + 21. Determine h(d).
5
Suppose b - 4*b = -9. Let p(g) = -3*g - 1. Let f(l) = 6*l + 2. Let d(o) = -2*f(o) - 5*p(o). What is d(b)?
10
Let r = -1716 + 1716. Let b(u) = -u**2 + 18. Determine b(r).
18
Let x(z) = -z. Let b(v) = -17*v**3 - 5*v + 1. Let y(o) = -b(o) + 4*x(o). Let r = -191 + 192. Give y(r).
17
Let x(i) = -3*i + 54. Let o = -671 - -689. Give x(o).
0
Let v(p) be the second derivative of p**4/6 - 5*p**3/6 - 45*p + 2. Determine v(4).
12
Let r(p) be the third derivative of p**6/120 - 7*p**5/60 + p**4/4 + p**3/2 + 18*p**2. Suppose v = -2*v + 18. What is r(v)?
3
Let a = 47 + -34. Let v be 112/(-52) + 2 - (-106)/a. Let o(j) = j - 5. Calculate o(v).
3
Let p(m) = m**3 + m + 3. Let t be 0/(-2 - (-20)/5). Suppose -2*x = j + 2*j + 1, 2*x + 10 = t. Suppose -2*n = -j*n. Calculate p(n).
3
Let s(r) = r - 3*r + 0*r. Let w(y) = -y**3 - 7*y**2 + 2*y + 19. Let o be w(-7). Calculate s(o).
-10
Let a(c) be the second derivative of 1/12*c**4 + 5/6*c**3 + 0 - 3*c**2 - c. Suppose g + 2*q = -19, -3*q = 26*g - 21*g + 46. Give a(g).
-6
Let j be (-11 - -16)/(((-15)/4)/(-3)). Let c(r) be the first derivative of -1/4*r**j + 1/2*r**2 + 1/3*r**3 + 8 - 2*r. Determine c(2).
-4
Let c(z) = 17*z - z**3 - 5*z**2 - 7*z - 9*z - 3*z - 3. Let r = 13 - 17. Give c(r).
-11
Let o(k) = -4*k + 1. Let z = -16 - -20. Let f(w) = w - z*w + 4 - 4*w - 4*w. Let a(x) = -3*f(x) + 8*o(x). Calculate a(6).
2
Let j(w) = w + 1. Suppose -6*s - 581 = -107. Let m = s + 85. What is j(m)?
7
Let q(v) = -21*v + 21. Let g(b) = 2415*b - 2415. Let z(t) = -2*g(t) - 231*q(t). Let m(f) = -6*f + 14*f + 3 - 2*f - 9. Let r(p) = 18*m(p) - 5*z(p). What is r(3)?
6
Let y(f) = 6*f - 5. Let g be (30 - 31)/((-1)/3). Suppose -m + 2*n - g + 9 = 0, -5 = -2*m - 3*n. What is y(m)?
19
Let p be (8/(-5))/((-1)/(-5)). Let u(t) be the second derivative of t**3/6 - 3*t**2/2 - 3327*t. Give u(p).
-11
Let m(w) = w**3 - w**2 + w + 5. Let h = -468 + 468. What is m(h)?
5
Let w be -3 + (-1 - 0) + 39. Let c(k) = w*k - 1 - 13*k**2 + 38*k - 75*k. Give c(-1).
-12
Suppose -5*h + 4*b - 26 = 0, -4*h - 16 = -b - 4. Let j(d) be the second derivative of -d**4/12 + d**3/3 + d**2/2 - 4*d. What is j(h)?
-7
Suppose -4*x = -8*x - 20. Let t(c) = c**3 - c - 5 - 10*c + 5*c**2 - c + 9*c. What is t(x)?
10
Let s(v) = v**2 + v - 1. Let x(r) = -r**3 + 3*r**2 - 7*r - 1. Let k(p) = 3*s(p) + x(p). Suppose -2*u - 4*u + 24 = 0. Give k(u).
12
Let u(q) be the second derivative of q**5/20 - 5*q**4/6 - q**3/6 + 13*q**2/2 + 2*q - 19. Determine u(10).
3
Suppose -v + 5 - 3 = 0. Let d(n) = -8*n**2 + 3*n**v + 8*n**2 - 2*n - 2 + 5. Determine d(2).
11
Let q(v) = -2*v + 1. Suppose -l + 5*h = -25, -l = -5*l + 2*h + 46. Let j be 450/20*8/l. Suppose 4*m - 17 = x + 4, 0 = 2*x - 2*m + j. Calculate q(x).
11
Suppose 0 = w - 12 + 6. Let l(s) = -5*s + 4 - 2 - w*s + 9*s. What is l(5)?
-8
Suppose p + 2*n + 1 = 5, 0 = -p + n + 4. Let d(l) = -l + 8. Calculate d(p).
4
Let q be -11*(-7)/(1001/39). Let i(g) be the first derivative of -1/3*g**q + 0*g - 3*g**2 - 4. Determine i(-5).
5
Let f(u) be the second derivative of -u**8/6720 + u**7/840 + u**6/180 - u**5/120 + u**4/4 - 3*u. Let h(w) be the third derivative of f(w). Determine h(3).
11
Suppose -220*j + 225*j = 45. Let a(y) be the third derivative of -y**5/60 + 3*y**4/8 + y**3 - y**2. What is a(j)?
6
Let v(j) be the second derivative of j**3/6 - 2*j**2 + 91*j + 2. What is v(-2)?
-6
Let u(i) = i**3 - 4*i**2 + 5*i - 4. Suppose 10*k - 13*k = -9. Give u(k).
2
Let o(p) = -2 + 180*p - 530*p + 174*p + 188*p. Determine o(-1).
-14
Let w(p) = 7*p**2 + 15. Let k(d) = 12*d**2 + 30. Let q(r) = 3*k(r) - 5*w(r). What is q(0)?
15
Let v(l) = 8*l**2 + 0*l**2 - 2*l**2 - 7*l + 7. Let q(k) = -3*k**2 + 4*k - 4. Let m be (-10 - -16)*(-10)/(-12). Let a(s) = m*q(s) + 3*v(s). Calculate a(1).
3
Let l(c) = -4*c. Suppose -3*x - 7 - 5 = -5*v, v + 5*x - 8 = 0. Give l(v).
-12
Let l be (-50)/18 + (-4)/18. Let a(i) = 3*i + 4. Suppose 0 = -3*y - 3, -4*y - 16 - 18 = 5*v. Let o(u) = -3*u - 4. Let x(g) = v*a(g) - 5*o(g). What is x(l)?
5
Let y(l) = 13*l + 1. Let d(f) = 7*f + 1. Let k(t) = -5*d(t) + 3*y(t). Give k(5).
18
Let d(m) = 12*m - 13. Let j(p) = -19*p + 20. Let f(x) = 8*d(x) + 5*j(x). Calculate f(3).
-1
Let o(i) = -3*i + 1. Let c(v) = -v. Let m(j) = -2*c(j) + o(j). Let s(q) = -q**2 + q - 5. Let y(p) = -4*m(p) - s(p). Determine y(-2).
-1
Let o(j) = -3*j - 26. Let l be o(-10). Let r(u) = -l*u**2 - 1 - u**3 + 10*u**2 - 8*u + u**2. What is r(6)?
-13
Suppose 3*v - 3*i = 9, -3*i + 18 = 4*v - i. Suppose 0*j = -v*j. Suppose 5*b + 4*c + 35 = j, 4*b - c + 4 = b. Let u(r) = 5*r + 2. What is u(b)?
-13
Suppose -6*j + 33 = 9. Suppose 7*s - 18 + j = 0. Let f(y) = y**2. Determine f(s).
4
Let l(z) = z**2 + 3*z - 3. Let b = 481 - 484. What is l(b)?
-3
Let m = 1032 + -1032. Let t(c) = c - 13. Calculate t(m).
-13
Let y(l) be the third derivative of 0 + 1/120*l**6 + 0*l**3 + 0*l + l**2 + 1/12*l**5 + 1/6*l**4. Let o be y(-4). Let h(t) = -t + 3. Give h(o).
3
Let m(v) = v + 3. Let c be 6/9 + 7/3. Suppose 2*p = -3*f - 7, c*f = -f + p - 24. Let j be m(f). Let o(k) = k**2 + k - 1. Calculate o(j).
1
Let c = 1 - 2. Let m = -9 - -12. Let r(g) = 77*g**m + g - 78*g**3 - g. Determine r(c).
1
Let l be 2*(84/40 - 9/15). Let d(o) = -9 + 3 - 2*o**l + 3*o**2 + 6*o + 5 - 7*o. Determine d(2).
-7
Let x(z) = -2*z. Let f(r) = 9*r. Let y(b) = -f(b) - 5*x(b). What is y(-4)?
-4
Let l be (-4)/(-5)*(8/(-2) - 1). Let k(i) be the third derivative of i**4/24 - 97*i**2. What is k(l)?
-4
Let f(a) = a**3 + a**2 + a + 2. Let r be f(-2). Let m(o) = o**3 + 5*o**2 + 2*o - 6. Let h be m(-4). Let x(w) = 2*w + 4*w + 2*w**2 - h*w + 1. Give x(r).
17
Let l(h) = h**2 + 10*h - 2. Let i be l(-10). Let c(k) be the third derivative of k**6/120 + 12*k**2. Calculate c(i).
-8
Let v = 169 + -181. Let b(j) = j + 6. Calculate b(v).
-6
Let k(z) = -z**2 + 6*z - 12. Let t be (-57)/(-6) - (-3)/(-6). Give k(t).
-39
Let t(d) = 3*d**2 - 2*d**2 - 2*d**2 - 5*d. Let a = 14 - 2. Suppose -4 = 4*p + a. Calculate t(p).
4
Let m(u) = -2*u + 20. Let f(d) = -d + 13. Let c(n) = 5*f(n) - 2*m(n). Determine c(9).
16
Let z(l) = l - 11. Let p(a) = -7*a + 46. Let j(f) = -p(f) - 4*z(f). Let w = 3 - 2. Suppose -v + 2 = -w. Determine j(v).
7
Let h = -45 - -50. Suppose -9 = 4*z + u, 4*u + 6 = -h*z + u. Let t(w) = 2*w**2 + 4*w. Calculate t(z).
6
Let c(p) = -6*p**2 - 2*p - 3. Suppose 0 = -2*q + 14 - 18. Give c(q).
-23
Let k(i) = -i**3 - 12*i**2 - 22*i - 15. Let b be k(-10). Let r(d) = d**2 - 8*d + 12. Calculate r(b).
-3
Let j(l) = 3*l**3 - l**2 + l + 5. Let g(m) = -m**3 + 1. Let q(u) = -2*g(u) - j(u). Let f be q(0). Let o(z) = -z - 12. Give o(f).
-5
Let y(v) be the third derivative of -5*v**4/8 + v**2 - 44*v. Determine y(2).
-30
Suppose b - 3*j = 13, 2*j - 14 = -b - 4*b. Let k(r) = r**3 - 10*r**2 - 5*r + 8. Let t(w) = w**3 - 9*w**2 - 4*w + 7. Let q(y) = -5*k(y) + 6*t(y). Determine q(b).
6
Let l(h) = -h**3 - 5*h**2 + 7*h + 1. Let q(i) be the second derivative of i**5/20 + i**4/2 - 4*i**3/3 - i. Let z(w) = 3*l(w) + 2*q(w). Give z(-4).
-1
Let o = 65 + -63. Let z(a) = -4*a**o + 5*a**2 + 5*a - 14 + 8